 - h/(-6). Calculate the highest common factor of a and 33.
3
Suppose -3*d - 3*g = 3, 5*d = 2*d + 3*g + 3. Suppose 4*o - 4*t - 24 = 0, 2*o = -2*t - d - 4. Calculate the greatest common factor of 3 and o.
1
Suppose -5*c + w = -21, 5*c + 0*w - 5 = 5*w. Let t be (13/2)/(2/(-4)). Let z = c - t. Calculate the highest common factor of z and 9.
9
Let n = 2 + 1. Suppose -9*k + 133 + 164 = 0. Calculate the greatest common factor of k and n.
3
Suppose -c = 1, 4*f + f - 2*c = 47. What is the highest common factor of 18 and f?
9
Suppose 0 = -g + 2*h - 6*h + 5, 5*g - 4*h - 25 = 0. Suppose -2*x - 2*f + 30 = x, g*f = 15. Calculate the greatest common factor of x and 8.
8
Suppose -q + 0*q + 5*l = -23, -69 = -4*q - 3*l. Let x(r) = 53*r + 3. Let t be x(3). What is the greatest common factor of q and t?
18
Suppose -2*t + s = 65, -4*t - 155 = -5*s - 10. Let j be (10/(-6))/(2/t). Suppose -5 = -5*h + 45. What is the highest common divisor of h and j?
5
Let q = 0 + 6. Let f = q - -1. Calculate the highest common divisor of f and 28.
7
Let h be (0 - 3)*(-30)/2. Let x = 30 + -8. Let v = 37 - x. Calculate the greatest common divisor of h and v.
15
Let t be 2 + 0*(-2 - -3). Suppose -t*v - m = -3*v + 15, 3*v = 2*m + 47. Calculate the highest common divisor of v and 17.
17
Suppose -153 = -3*p + 3*n, 0*n - 111 = -2*p + 5*n. What is the highest common divisor of 12 and p?
12
Suppose 3*a - 19 = 26. Calculate the greatest common factor of 150 and a.
15
Let g be (8/4 - 5) + 72 - -3. What is the highest common divisor of 24 and g?
24
Suppose 6*q - 4*q = -292. Let b = -18 - q. Suppose v = -4*x + 27 + 36, 0 = -x + 5*v + 21. What is the greatest common factor of b and x?
16
Suppose -v + 25 = -29. Suppose -2*n = n - v. Let q = n - 1. What is the greatest common divisor of q and 34?
17
Let q(b) = b + 10*b - 6*b**2 + 12 + 7*b**2. Let a be q(-11). Calculate the highest common divisor of 72 and a.
12
Let h be (-1040)/(-48) + 2/6. What is the highest common divisor of 22 and h?
22
Let v(k) = 21*k**3 - 2*k**2 + k. Let a be v(1). Let i be (24/9)/(6/9). Suppose -167 = -i*n + 33. What is the highest common factor of n and a?
10
Let l be 15/4 + (-2)/(-8). Suppose 2*w - 7*w = -j - 280, -3*w + l*j = -168. What is the greatest common factor of 7 and w?
7
Suppose 236 = -4*g + u + 3*u, -4*u = 3*g + 184. Let h = g + 96. Let q = 37 + -25. Calculate the highest common divisor of h and q.
12
Suppose -2*p + 0*p = 0. Let q = 3 + p. Suppose 2*c = q*c - 30. What is the highest common factor of 6 and c?
6
Suppose 4*i = -2*t - 6, -4*t = -4*i - 20 + 8. Let r = t - 3. Let y(f) = -3*f**3 + 3*f**2 - 2. Let x be y(r). Calculate the greatest common factor of x and 51.
17
Let k = 91 - 41. What is the highest common divisor of k and 75?
25
Suppose -3*v = -51 - 42. Calculate the highest common factor of 341 and v.
31
Suppose -22 + 2 = -4*b. Suppose -2*g + 30 = 3*f + 1, b*f = 15. Suppose -2*u - 3*u = -4*y - g, 8 = 4*u + 5*y. Calculate the greatest common factor of u and 5.
1
Let w = 28 + -18. Calculate the highest common divisor of w and 30.
10
Let c be (-880)/100*10/(-2). Calculate the greatest common divisor of c and 154.
22
Let g be (4/10)/(1/15). Let d = 4 - g. Let h be 3 + -1 - 3*d. Calculate the greatest common factor of 72 and h.
8
Let t = -173 - -221. What is the highest common factor of t and 6?
6
Suppose n + 10 = 3*n. Suppose 15 = 5*z, n*a + z = 6*z - 5. Let j be -34*(a + 14/(-4)). What is the highest common factor of j and 17?
17
Let u be 43 + 3 + 0 + (-8 - -7). What is the greatest common factor of u and 45?
45
Suppose -4*r = 6 - 2. Let f(h) = -11*h - 1. Let u be f(r). What is the highest common divisor of u and 15?
5
Let y(p) = 11*p**2 - 15*p - 4. Let v(n) = -7*n**2 + 10*n + 3. Let s(k) = -8*v(k) - 5*y(k). Let r be s(-3). Calculate the highest common factor of r and 50.
10
Let l(j) = -j**2 - 10*j + 51. Let r be l(-13). What is the greatest common divisor of r and 36?
12
Let u = 99 + -75. Calculate the greatest common factor of u and 192.
24
Let i be (-2)/(-2) + 2 + 3. Suppose -i*g + 4*g = 84. Let n be -1 + 5/((-15)/g). What is the greatest common factor of n and 13?
13
Suppose m - 3 + 0 = 0. Suppose 0 = -4*r + 5*d + 21 - 96, -51 = m*r - 2*d. Let y be (-66)/r*(-1 - -11). Calculate the greatest common divisor of 11 and y.
11
Let k = 18 + -13. Suppose 3*i = 3*s - 3, 2*s + 0*s + 4*i = 8. Calculate the greatest common factor of k and s.
1
Let n be (0 + 8)/((-1)/(-10)). What is the greatest common divisor of 8 and n?
8
Suppose 28 = 3*z + 4. Let j = -13 - -21. What is the highest common divisor of z and j?
8
Let k(r) = r**2 - r. Let p be k(4). Let z be (-3)/9 - (-344)/6. Suppose -g + 3 = -z. Calculate the highest common factor of p and g.
12
Suppose 42 = 8*n - 5*n. Calculate the greatest common divisor of n and 56.
14
Suppose 8 = 2*y + 2. Suppose -y*d - 5 = -8*d. What is the highest common factor of 3 and d?
1
Let h = -48 - -69. What is the greatest common divisor of 7 and h?
7
Let t(m) = -m**3 - 15*m**2 - 3*m - 17. Let x be t(-15). Let y = x - 20. Calculate the highest common factor of 24 and y.
8
Let r = -9 + 11. Suppose -q - 4*k = 1, -3*q - 4*k + 7 = -r*k. Calculate the greatest common factor of q and 9.
3
Let x be 1/(1 + (-3)/6). Suppose -p + 118 = 2*m, -m - 3*p + 183 = x*m. Calculate the highest common divisor of m and 19.
19
Suppose 0 = 3*z - 18 - 27. Calculate the highest common divisor of z and 10.
5
Let b(x) = 6*x**2 - 3*x - 4. Let c be b(4). Let v = -5 + 7. Suppose c = v*u + 2*u. Calculate the greatest common factor of u and 100.
20
Suppose 0 = -c + 5*c - 28. Let k = c + -2. Suppose 3*i = -2*i + 15, 4*z - 3*i - 171 = 0. Calculate the greatest common divisor of z and k.
5
Let c be (0 - 30)*((-60)/(-9))/(-4). Calculate the highest common divisor of c and 450.
50
Let i(u) = 1 - 11*u + 0 - 3*u. Let q be i(2). Let m = q + 57. What is the greatest common factor of m and 20?
10
Let n be 7 + -2 + 1 - -3. Calculate the highest common factor of 9 and n.
9
Let t be -2*5*(-1)/2. Let c = t + 3. What is the highest common divisor of c and 48?
8
Let j(y) = 11*y**3 + 3*y**2 - 2*y + 2. Let r be j(3). Suppose -m + 5*m = r. What is the greatest common divisor of m and 10?
10
Let r = 0 - -21. Let n = r - 8. What is the greatest common factor of 117 and n?
13
Suppose 7*a - 2*a = 2040. Suppose 7*v - 10*v = -a. Calculate the highest common factor of 17 and v.
17
Let f be (1 - -3)*4/8. Let a = f - 0. Calculate the highest common factor of 16 and a.
2
Suppose 2*x + 396 = 4*x. What is the highest common divisor of 22 and x?
22
Suppose 5*s - 135 = -3*i + 10*s, -5*i - 2*s = -256. What is the highest common factor of 25 and i?
25
Suppose -1 = -2*n + 1. Let z be n/(-1) - 1238/(-2). Suppose v + z = 4*v + 3*a, -4*v = -2*a - 842. Calculate the greatest common divisor of 19 and v.
19
Let x = 3 + -1. Let j be ((-20)/8)/(5/(-4)). What is the highest common divisor of x and j?
2
Suppose 5*z - 2*i - 3*i - 50 = 0, i = -z. Suppose z*l = -12 + 32. Let d = 4 + l. What is the highest common divisor of d and 32?
8
Let x be (-48)/3 + -2 + 4. Let h be x/(-8) + 1/4. Let y = 11 + h. What is the highest common divisor of y and 117?
13
Suppose -2*s + 3*s - 3 = 0. Calculate the highest common factor of s and 3.
3
Suppose 0 = -0*s + 2*s - 4. Let w be s*(-1 + -1 - -10). Suppose g + 3*g - 32 = 0. Calculate the greatest common factor of g and w.
8
Let j be (0 + 0)/(2 - -1). Let o be (4/(-2) - j) + 12. What is the greatest common divisor of o and 4?
2
Suppose 0*a = -a + 144. What is the greatest common divisor of 18 and a?
18
Let w(k) = k**3 - 7*k**2 + 7*k + 1. Let x be w(6). Suppose -4*c + 65 = j, -5*c - x*j + 3*j + 73 = 0. Calculate the greatest common factor of 51 and c.
17
Let n be (0 + -2)*((-35)/7 + 3). Calculate the greatest common factor of n and 2.
2
Let q(y) = 288*y**2 - y + 1. Let u be q(1). What is the highest common divisor of u and 36?
36
Let f(c) = 7*c - 8. Let a(z) = -15*z + 15. Let g(p) = -6*a(p) - 13*f(p). Let n be g(6). Suppose 3*j - 199 = -7. Calculate the highest common divisor of n and j.
8
Suppose -5*f - 20 = -4*z, 4*z - 4*f = 3*z + 5. Let b be z/10 + (-246)/(-4). Let a = 74 + b. Calculate the greatest common divisor of 17 and a.
17
Let k(n) = 2*n**2 - n - 8. Let y be k(-4). Calculate the highest common divisor of 4 and y.
4
Le